nd z.
8
Suppose 3*c - 159 = -3*r, -r + 0*r + 5*c + 53 = 0. Let h = -24 + r. What is the greatest common factor of h and 116?
29
Let b(i) = -2*i + 2. Let o be b(-17). Let x = -33 + o. Calculate the highest common divisor of x and 6.
3
Let s be 3/9*0/(-4). Let n be (-6)/3 - (s - -5). Let p = 30 + n. What is the greatest common factor of p and 69?
23
Suppose -3*m - 37 = -2*v, 2*m = -44*v + 47*v - 43. Calculate the greatest common divisor of 22 and v.
11
Let f be 0*2/6 - -28. Suppose -2*v = 3*k - 34, v - k = 37 - 15. Suppose -4*j + 3*n = -3*j - 184, -v = -5*n. Calculate the highest common factor of j and f.
28
Let r = 4 + -1. Let j be (r/2)/(6/12). Suppose 3*z = 4*z - j. What is the greatest common divisor of z and 21?
3
Suppose 0 = -26*g + 9*g + 85. Calculate the highest common divisor of 8 and g.
1
Suppose 100 = 2*c + 2*c. Suppose -x + 8 + 2 = 0. Let v be 127 - (-5)/x*-4. Calculate the greatest common factor of v and c.
25
Suppose -5*s = -0*s + 380. Let t = 217 + s. What is the greatest common factor of 47 and t?
47
Let y be (-11)/((-22)/546) + 1 + 0. Suppose 2*g + 245 = 3*s, 4*s - 4*g - 54 = y. Suppose -204 = -5*i + 66. What is the greatest common factor of s and i?
27
Let p(l) = 3*l**2 - 49*l + 1. Let z be p(22). Calculate the highest common factor of 15 and z.
15
Let s(f) = f**2 + 12*f - 5. Let b be s(-15). Suppose -x + b + 20 = 0. Let i be -1 - (0 + 16)*-1. Calculate the highest common divisor of x and i.
15
Let i = 6 + -6. Suppose 2*o - 3*m = 8, 3*o + 26 = -i*m - 5*m. Let h(p) = -10*p + 1. Let l be h(o). What is the highest common factor of l and 42?
21
Suppose -2*y + 20 = 4*c, -2*c + 5*y = 2*c - 6. Let g = -490 + 510. Calculate the greatest common divisor of g and c.
4
Let g be (13/(-5) - -2) + (-360)/25. Let q be ((-54)/5)/(g/50). Let s = -171 - -261. Calculate the highest common factor of s and q.
18
Let k(m) = -2*m**3 + 6*m**2 - 3*m - 5. Let v be k(-3). What is the greatest common divisor of v and 16?
16
Let g(v) = 11*v**2 + 103*v - 202. Let c be g(2). Calculate the highest common divisor of c and 120.
24
Suppose 311 = 6*w - 2*w - 3*q, -207 = -3*w - 3*q. Let h = 235 + -50. What is the highest common factor of w and h?
37
Let d(k) = k**3 - k. Let n(v) = -v**3 - 16*v**2 + 10*v - 11. Let j(r) = 3*d(r) + n(r). Let w be j(8). Calculate the greatest common factor of 18 and w.
9
Suppose 2*r - r - 162 = 4*i, 172 = r - 2*i. Let y = 18 - 31. Let b = y + 39. Calculate the highest common divisor of b and r.
26
Let h = -6 + 6. Suppose -4*w = 4*z + 32 - 88, h = z + 5*w - 18. Let b = z + 7. Calculate the highest common divisor of b and 60.
20
Suppose 2*n + 26 = 4*q, 4*q - 4*n - 46 = -6*n. What is the greatest common factor of q and 12?
3
Let w = 329 - 221. What is the highest common divisor of 24 and w?
12
Suppose 304*c - 1457 = 273*c. Calculate the highest common factor of 329 and c.
47
Let a be 390/18 - (56/21)/(-8). Calculate the highest common divisor of 99 and a.
11
Let u = 106 - -26. Suppose 3*r + 2*r = 3*l + 180, -3*l = 15. What is the highest common factor of u and r?
33
Let n be (-4)/((-4)/16*-4). Let p be 2/n + 162/12. Suppose 10*v + 171 = p*v. What is the greatest common factor of 38 and v?
19
Let o(g) be the second derivative of -g**3/6 + 10*g**2 - 2*g. Let c be o(12). Let l be (-2)/9 + 1086/27. What is the highest common divisor of l and c?
8
Suppose 3*v - 4*z - 396 = 0, -2*z - 600 = -5*v + 60. Suppose 3*x = -x + v. What is the greatest common divisor of x and 66?
33
Suppose -9*o + 594 = -3*o. Calculate the highest common factor of 9 and o.
9
Let r = 201 + -145. Let m(n) = 10*n - 28. Let p be m(7). Calculate the greatest common divisor of r and p.
14
Suppose 3 - 75 = -2*k. Suppose 26 = i - 28. Calculate the highest common divisor of i and k.
18
Suppose -5*m = -v - 25, 0 = 2*m - 7*m + 4*v + 40. Suppose 3*i = 4*i - m. Let q = -1 + i. Calculate the greatest common divisor of q and 33.
3
Suppose 5*n - l = 2*l + 50, 0 = 3*n + 2*l - 30. Let t(b) = 6*b - 24. Let x be t(n). Calculate the greatest common factor of x and 18.
18
Let t(y) = y**2 + 6*y - 14. Let w be t(-8). Suppose s + 0*s + 134 = w*m, 4*m = -4*s + 256. Calculate the greatest common divisor of 33 and m.
33
Suppose -c + 9*c - 120 = 0. What is the greatest common factor of c and 945?
15
Let k be 2/(-2 - 71/(-35)). What is the greatest common divisor of 1190 and k?
70
Let g(m) = m + 1. Let z be g(-1). Suppose 12 = 2*r - z. Suppose -13 = -3*u + 5. Calculate the highest common divisor of u and r.
6
Suppose -2 = t - 3*t. Let z be (-4)/(8/(-126))*t. Let y = -31 - -52. Calculate the greatest common factor of z and y.
21
Let o(n) = -n + 5. Let g be 1 - 6/(-3) - 3. Let h be o(g). Let x(c) = 40*c. Let d be x(h). Calculate the highest common divisor of 20 and d.
20
Let k = -4 + 22. Let n(r) = -r**3 - 2*r**2 + r + 2. Let i be n(-2). Suppose -m + k - 4 = i. Calculate the highest common divisor of m and 2.
2
Suppose -9*r + r = -104. Let h = r + 27. Calculate the greatest common factor of 100 and h.
20
Suppose 4 = 2*o - 8. Let u be 9/((-54)/(-4))*81. What is the greatest common factor of u and o?
6
Let h = 9 - 3. Let z = 3832 + -3830. Calculate the highest common divisor of z and h.
2
Let w = -49 - -112. Let j = -3144 + 3153. Calculate the greatest common divisor of j and w.
9
Let g(o) = o**3 - 6*o**2 + 4*o - 14. Let d be g(6). What is the greatest common factor of d and 35?
5
Let n = -163 + 228. Suppose 2*y + 5*d - 40 = y, n = 2*y + 5*d. What is the greatest common factor of 15 and y?
5
Suppose -4*o + 20 = -0*o, 0 = -5*z - 3*o + 10. Let c(u) = 0*u + 3*u + 1 - 3*u + 59*u**2. Let i be c(z). What is the greatest common divisor of i and 6?
6
Let i = 101 + -99. Let b be (-2)/(i*2/(-24)). Let p(w) = -w**3 - w**2 + w + 132. Let h be p(0). What is the highest common divisor of h and b?
12
Let r(w) = -w**3 + w - 18. Let x be r(0). Let u = -5 - -10. Let y = u - x. Calculate the greatest common factor of y and 207.
23
Let t(m) be the third derivative of -m**4/24 + m**3/2 - m**2. Let i be t(11). Let k be -6*(-4)/i*-1. Calculate the greatest common divisor of 12 and k.
3
Suppose 0*t + 48 = 3*t. Let h(p) = p**3 + 5*p**2 - 6*p + 4. Let k be h(-6). What is the highest common factor of t and k?
4
Let p = 4846 - 3316. Calculate the highest common divisor of p and 72.
18
Let g be -5 + (15/(-35))/((-3)/63). What is the highest common factor of g and 676?
4
Let l(n) = 2*n**2 + 7*n - 11. Let x be l(-5). Suppose b + x = 3*h - 3, 4*h = 12. What is the greatest common factor of b and 4?
2
Suppose -5*a = -403 + 123. What is the greatest common divisor of 32 and a?
8
Suppose -2*p + 1357 = 3*s, -2*s = -5*p + 64 - 956. What is the greatest common divisor of s and 11?
11
Let u(k) = k**2 - 52*k + 244. Let s be u(47). Calculate the highest common factor of 18 and s.
9
Suppose 12 = 2*k - 2*y, -2*k - 4*y + 25 = 7. Calculate the greatest common factor of k and 840.
7
Suppose -5*s + 513 = 3*l, -4*s = -l - 0*l - 424. Let j = -1662 + 1683. Calculate the greatest common factor of s and j.
21
Let k(v) = -2*v**2 - 21*v + 17. Let t be k(-11). Calculate the highest common factor of 66 and t.
6
Let s be (-9 - -12) + 1/(-2)*-62. Calculate the greatest common divisor of 187 and s.
17
Let h(o) = 23*o - 53. Let u be h(4). Let s be 2/6 - (-2)/(-6). Suppose -3*j + 2*j + 13 = s. What is the greatest common divisor of j and u?
13
Let j(y) = -y + 3. Let z be j(9). Let p be -3 + 2 - z/2. Suppose -5*r - 45 = -p*t + 25, 0 = t + 2*r - 17. What is the highest common factor of 100 and t?
25
Suppose -33*d + 769 = -320. What is the highest common factor of d and 264?
33
Let o be (10 + (-715)/11)/(2/(-10)). What is the highest common divisor of 10 and o?
5
Let l be (-1)/(-8) - (-12075)/552. What is the highest common factor of l and 8?
2
Let x(k) = 5*k**3 - k**2 - 3*k - 12. Let h be x(4). What is the highest common factor of h and 40?
40
Suppose 27*u = -85*u + u + 333. Suppose 0 = -n + 2 + 1. Calculate the greatest common divisor of u and n.
3
Let z be (((-56)/32)/1)/(1/(-4)). What is the greatest common factor of 7 and z?
7
Suppose -6*s + 97 = -47. Let p be (s/15)/(6/105). What is the highest common divisor of p and 4?
4
Let p(t) = -2*t**2 - t + 55. Let i be 1*-3 + 21/7. Let z be p(i). Let w = 7 - 2. What is the highest common divisor of z and w?
5
Let z